16513 is divided by 7767?
8
Calculate the remainder when 391668 is divided by 98.
60
Calculate the remainder when 3003677 is divided by 2.
1
Calculate the remainder when 497334 is divided by 1835.
49
Calculate the remainder when 19535488 is divided by 1354.
1330
What is the remainder when 60518 is divided by 95?
3
Calculate the remainder when 29135085 is divided by 50.
35
What is the remainder when 1458 is divided by 156?
54
What is the remainder when 12603645 is divided by 9?
0
What is the remainder when 7731156 is divided by 1104449?
13
What is the remainder when 1897692 is divided by 3341?
4
What is the remainder when 325702148 is divided by 26?
18
What is the remainder when 6540057 is divided by 14?
13
What is the remainder when 2699400 is divided by 29025?
75
Calculate the remainder when 122149 is divided by 8.
5
Calculate the remainder when 2740663 is divided by 42164.
3
What is the remainder when 56301767 is divided by 111?
14
What is the remainder when 419523 is divided by 2727?
2292
What is the remainder when 315834 is divided by 39?
12
What is the remainder when 613017 is divided by 3351?
3135
What is the remainder when 2154094395 is divided by 11259?
11256
What is the remainder when 2550323 is divided by 637580?
3
What is the remainder when 1223456 is divided by 692?
0
What is the remainder when 743882 is divided by 2234?
2194
What is the remainder when 3335788 is divided by 1082?
1064
Calculate the remainder when 49161 is divided by 48923.
238
What is the remainder when 1192071 is divided by 2807?
1903
Calculate the remainder when 40761922 is divided by 1385.
1372
What is the remainder when 24113279 is divided by 2280?
2279
What is the remainder when 450851701 is divided by 5619?
5617
Calculate the remainder when 1757142 is divided by 175712.
22
Calculate the remainder when 339226 is divided by 10421.
5754
Calculate the remainder when 25339822 is divided by 4271.
4250
Calculate the remainder when 100249 is divided by 4067.
2641
Calculate the remainder when 68832 is divided by 240.
192
Calculate the remainder when 896758 is divided by 188.
186
Calculate the remainder when 35616316 is divided by 117.
112
Calculate the remainder when 5615921 is divided by 2807574.
773
What is the remainder when 1604946 is divided by 94?
84
Calculate the remainder when 21329822 is divided by 5191.
3
Calculate the remainder when 38909 is divided by 478.
191
Calculate the remainder when 83421 is divided by 502.
89
Calculate the remainder when 99816283 is divided by 2265.
2263
What is the remainder when 1520324 is divided by 128?
68
What is the remainder when 10401831 is divided by 286?
11
What is the remainder when 62023 is divided by 220?
203
What is the remainder when 741710 is divided by 185385?
170
Calculate the remainder when 3168177 is divided by 62121.
6
Calculate the remainder when 14051 is divided by 93.
8
What is the remainder when 2148513 is divided by 263?
66
What is the remainder when 17645358 is divided by 601?
599
Calculate the remainder when 2517972 is divided by 24.
12
What is the remainder when 98552 is divided by 637?
454
What is the remainder when 90746254 is divided by 907?
904
Calculate the remainder when 47319615 is divided by 3379969.
49
Calculate the remainder when 59905422 is divided by 3131.
3130
Calculate the remainder when 4670581 is divided by 359269.
84
Calculate the remainder when 480724 is divided by 47984.
884
Calculate the remainder when 1694741 is divided by 177.
143
Calculate the remainder when 13080337 is divided by 42.
25
What is the remainder when 744656 is divided by 180?
176
What is the remainder when 7685680 is divided by 32429?
7
What is the remainder when 199547 is divided by 2057?
18
Calculate the remainder when 16933489 is divided by 710.
699
What is the remainder when 55766 is divided by 1094?
1066
Calculate the remainder when 2884754 is divided by 501.
497
What is the remainder when 5443827 is divided by 65?
12
Calculate the remainder when 14096 is divided by 13646.
450
What is the remainder when 287697 is divided by 175?
172
What is the remainder when 1490265 is divided by 14?
7
Calculate the remainder when 12021431 is divided by 30.
11
Calculate the remainder when 467626 is divided by 155871.
13
What is the remainder when 76345 is divided by 2174?
255
What is the remainder when 745725 is divided by 381?
108
Calculate the remainder when 10856426 is divided by 274.
272
What is the remainder when 13816984 is divided by 73887?
115
Calculate the remainder when 377197 is divided by 62845.
127
What is the remainder when 6427438 is divided by 1286?
10
What is the remainder when 9623724 is divided by 747?
123
What is the remainder when 44272 is divided by 1161?
154
What is the remainder when 2964277 is divided by 80?
37
Calculate the remainder when 91352 is divided by 235.
172
What is the remainder when 3060280 is divided by 2879?
2782
Calculate the remainder when 7613317 is divided by 96371.
8
What is the remainder when 18545259 is divided by 34?
27
Calculate the remainder when 12030 is divided by 10545.
1485
Calculate the remainder when 23445212 is divided by 4064.
4060
Calculate the remainder when 290071 is divided by 1535.
1491
What is the remainder when 9390500 is divided by 628?
16
Calculate the remainder when 13676824 is divided by 542.
538
What is the remainder when 1206885 is divided by 581?
148
What is the remainder when 21713470 is divided by 198?
196
What is the remainder when 383321 is divided by 1125?
821
What is the remainder when 2918510 is divided by 16773?
8
What is the remainder when 6137405 is divided by 91?
1
Calculate the remainder when 41413973 is divided by 171.
167
What is the remainder when 937359 is divided by 376?
367
What is the remainder when 798628 is divided by 266167?
127
Calculate the remainder when 69633 is divided by 6874.
893
Calculate the remainder when 116981 is divided by 57767.
1447
What is the remainder when 259232 is divided by 7814?
1370
Calculate the remainder when 8790580 is divided by 949.
942
What is the remainder when 6090672 is divided by 1074?
18
Calculate the remainder when 44273051 is divided by 228.
11
What is the remainder when 85104428 is divided by 472?
468
What is the remainder when 104 is divided by 72?
32
What is the remainder when 2623931 is divided by 1475?
1381
What is the remainder when 307508 is divided by 7647?
1628
What is the remainder when 1323374 is divided by 378?
374
Calculate the remainder when 874654 is divided by 378.
340
Calculate the remainder when 377573 is divided by 16416.
5
Calculate the remainder when 48650 is divided by 642.
500
What is the remainder when 716336 is divided by 2113?
29
What is the remainder when 103916 is divided by 83?
0
Calculate the remainder when 115712 is divided by 659.
387
What is the remainder when 22718477 is divided by 40?
37
What is the remainder when 441489 is divided by 520?
9
Calculate the remainder when 3584 is divided by 333.
254
What is the remainder when 648672064 is divided by 14?
12
What is the remainder when 3873164 is divided by 3997?
71
Calculate the remainder when 4238756 is divided by 192.
164
What is the remainder when 10704245 is divided by 43337?
6
What is the remainder when 57980 is divided by 161?
20
Calculate the remainder when 355259 is divided by 2519.
80
What is the remainder when 107708 is divided by 52940?
1828
Calculate the remainder when 280778 is divided by 14028.
218
Calculate the remainder when 2378149 is divided by 198169.
121
Calculate the remainder when 46218075 is divided by 2581.
108
What is the remainder when 8895664 is divided by 59?
57
What is the remainder when 9666089 is divided by 120826?
9
Calculate the remainder when 12160901 is divided by 5558.
5555
What is the remainder when 10621319 is divided by 30?
29
Calculate the remainder when 79594 is divided by 79271.
323
Calculate the remainder when 812753 is divided by 554.
35
Calculate the remainder when 29550939 is divided by 54522.
15
Calculate the remainder when 884411 is divided by 2640.
11
Calculate the remainder when 97801 is divided by 6957.
403
What is the remainder when 98015 is divided by 43236?
11543
What is the remainder when 2838812 is divided by 16797?
119
What is the remainder when 46308 is divide